 - 118*q**2 + 51*q + 7732. What is y(117)?
10
Let p(z) = 19*z**2 - 168*z + 156. Give p(7).
-89
Let v(y) = 5*y + 11. Give v(-1).
6
Let h(x) = -x**2 + 183*x + 1936. What is h(-10)?
6
Let b(n) = -7*n**2 - 315*n + 1012. Determine b(-48).
4
Let x(q) = 101*q + 4444. What is x(-44)?
0
Let q(h) = -1025*h + 6147. What is q(6)?
-3
Let l(j) = -2*j**3 - 48*j**2 - 3*j - 5. Give l(-24).
67
Let l(v) = -11*v - 65. Determine l(-7).
12
Let m(d) = d**2 - 55*d + 95. Give m(46).
-319
Let g(p) = -6*p**2 - 94*p + 99. Calculate g(-22).
-737
Let t(y) = y**3 + 10*y**2 - 79*y - 3. Determine t(5).
-23
Let i(d) = d**3 + 10*d**2 + 22*d + 21. What is i(-9)?
-96
Let k(j) = -22*j**2 - 1612*j - 445. Give k(-73).
-7
Let o(p) = -56*p - 71. What is o(-8)?
377
Let y(h) = -6*h**2 - 76*h - 10. What is y(-7)?
228
Let c(a) = 12*a**2 + 68*a - 4. What is c(-5)?
-44
Let g(k) = 25*k**2 + 8*k - 20. Calculate g(2).
96
Let t(v) = -v**3 - 183*v**2 - 3680*v - 1. What is t(-160)?
-1
Let l(y) = 497*y - 22842. Calculate l(46).
20
Let s(z) = z**2 + 241*z - 9655. Give s(35).
5
Let x(d) = -d**3 + 18*d**2 + 23*d - 73. What is x(19)?
3
Let v(a) = 15*a**3 + 63*a**2 + a - 9. Determine v(-4).
35
Let l(f) = -50*f + 351. Calculate l(5).
101
Let s(a) = a**3 - 19*a**2 - 16*a + 111. Determine s(19).
-193
Let y(c) = 291*c + 296. Determine y(-1).
5
Let k(n) = -39*n - 2063. Determine k(-53).
4
Let a(l) = 2*l**2 + 9*l - 18. What is a(4)?
50
Let v(u) = 5*u**2 + 382*u + 156. What is v(-76)?
4
Let q(s) = -s**3 + 30*s**2 - 192*s + 1. Give q(19).
324
Let v(k) = -k**3 + 24*k**2 + 8*k + 13. Give v(24).
205
Let m(u) = -u**2 - 23*u + 42. What is m(-19)?
118
Let a(w) = -7*w**2 + 26*w + 255. Calculate a(-9).
-546
Let f(z) = z**3 + 6*z**2 - 4*z - 73. Calculate f(-4).
-25
Let r(v) = -24*v + 100. What is r(12)?
-188
Let o(y) = 313*y + 4395. Calculate o(-14).
13
Let l(u) = 10*u**3 + 12*u**2 + 23*u - 5. Calculate l(-3).
-236
Let x(r) = 27*r**2 + 26*r - 4. Give x(-1).
-3
Let v(a) = a**3 + 20*a**2 + 50*a - 17. Give v(-17).
0
Let w(l) = -2*l**2 + 4312*l + 30276. Calculate w(-7).
-6
Let j(d) = 39*d - 112. Determine j(5).
83
Let a(s) = 7*s**2 - 564*s - 2980. Calculate a(-5).
15
Let c(x) = 2*x**3 + 33*x**2 - 92*x + 47. Determine c(-19).
-10
Let f(c) = -3*c**3 + 69*c**2 - 198*c + 2. Calculate f(3).
-52
Let c(k) = k**3 - 23*k**2 - 118*k + 213. Calculate c(27).
-57
Let q(s) = 8*s + 21. Give q(8).
85
Let h(v) = v**2 + 48*v + 495. Determine h(-34).
19
Let m(h) = h**3 - h**2 - 95*h - 318. Calculate m(-6).
0
Let g(l) = l**3 + 5*l**2 + 12*l + 8. Give g(-4).
-24
Let w(x) = 98*x + 96. Calculate w(-1).
-2
Let j(k) = -2*k**2 - 51*k - 19. Give j(-24).
53
Let o(a) = 586*a - 11133. What is o(19)?
1
Let q(t) = -3*t**3 - 227*t**2 + 67*t - 364. Determine q(-76).
320
Let b(f) = -227*f + 451. What is b(2)?
-3
Let v(x) = -98*x - 1271. Give v(-13).
3
Let t(x) = -x**3 + 19*x**2 - 94*x - 28. Give t(10).
-68
Let w(d) = -78*d + 4212. What is w(54)?
0
Let z(m) = m**2 - 39*m + 302. Calculate z(29).
12
Let i(g) = 30*g**2 - 217*g + 62. What is i(5)?
-273
Let w(c) = 57*c**2 + 67*c - 65. What is w(1)?
59
Let g(y) = -787*y**2 - 17312*y + 49. Give g(-22).
5
Let f(q) = -q**3 + 60*q**2 - 320*q + 75. Give f(54).
291
Let p(g) = -12*g**2 + 4853*g + 22497. What is p(409)?
2
Let k(v) = -v**2 + 76*v + 503. Give k(-6).
11
Let l(t) = -3*t**2 - 1130*t - 3369. Calculate l(-3).
-6
Let c(u) = 26*u + 7. Determine c(-7).
-175
Let o(b) = b**2 + 12*b - 987. What is o(26)?
1
Let w(c) = -2*c**3 + 7*c**2 + 14*c - 39. What is w(6)?
-135
Let f(g) = g**3 - 89*g**2 + 179*g - 8001. Calculate f(88).
7
Let d(t) = 71*t**2 + 481*t - 7. Calculate d(-7).
105
Let g(q) = q**2 + 70*q + 2. Determine g(-70).
2
Let c(x) = -x**3 + 22*x**2 - 60*x - 416. What is c(8)?
0
Let d(c) = 31*c + 807. What is d(-29)?
-92
Let j(b) = -b**3 + 43*b**2 + 8*b - 322. Give j(43).
22
Let s(y) = -y**3 + 4*y**2 + 503*y - 2927. What is s(6)?
19
Let k(g) = g**3 - 420*g**2 + 2487*g + 36. Give k(6).
54
Let z(k) = 52*k**2 - 9*k + 22. Determine z(2).
212
Let k(x) = 61*x**2 - 15*x + 4. Determine k(1).
50
Let v(k) = -63*k + 6161. What is v(97)?
50
Let f(s) = s**3 - 17*s**2 + 13*s + 45. Determine f(16).
-3
Let g(i) = -6*i - 183. Calculate g(-24).
-39
Let s(x) = x**3 - 158*x**2 - 844*x + 4726. Determine s(163).
-1
Let j(d) = -3*d**3 - 102*d**2 - 7*d - 251. Calculate j(-34).
-13
Let i(g) = -g**3 - 11*g**2 + 66*g + 46. Calculate i(-15).
-44
Let k(t) = 109*t - 446. Give k(4).
-10
Let c(l) = -22*l**2 + 160*l - 161. Determine c(1).
-23
Let u(z) = 104*z + 3. Determine u(1).
107
Let o(v) = v**3 + 55*v**2 - 86*v - 48. Calculate o(2).
8
Let b(x) = -109*x - 4495. What is b(-45)?
410
Let f(x) = 2*x**3 + 26*x**2 - 228*x + 7. What is f(-19)?
7
Let h(b) = -b**3 + 5*b**2 + 97*b - 294. Calculate h(3).
15
Let p(a) = 36*a + 482. Calculate p(-14).
-22
Let s(w) = 39*w**2 - 973*w - 42. Give s(25).
8
Let v(m) = -4761*m + 33309. Determine v(7).
-18
Let j(z) = -3*z**2 + 101*z - 5. What is j(30)?
325
Let q(h) = 19*h + 822. Give q(-44).
-14
Let i(j) = 716*j + 2979. Give i(-4).
115
Let j(a) = 534*a - 6991. Calculate j(13).
-49
Let d(l) = 3*l**3 + 3*l**2 - 6*l + 7. Give d(-4).
-113
Let t(d) = -35*d**2 + d. Calculate t(-1).
-36
Let j(u) = -u**3 + 77*u**2 - 6*u + 466. Give j(77).
4
Let m(r) = -210*r + 3386. What is m(17)?
-184
Let g(a) = a**3 - 5*a**2 + 437*a - 2640. Give g(6).
18
Let h(i) = -911*i - 10149. Give h(-11).
-128
Let n(x) = -11*x**2 + 769*x + 770. Determine n(-1).
-10
Let o(r) = -r**3 - 18*r**2 - 29*r - 296. Calculate o(-17).
-92
Let x(p) = -p**3 - 7*p**2 - 281*p - 1385. Give x(-5).
-30
Let l(u) = u**3 + 9*u**2 + 21*u - 8. Give l(-5).
-13
Let t(k) = 70*k + 2429. Calculate t(-35).
-21
Let s(m) = -m - 159. Calculate s(8).
-167
Let f(y) = -y**3 + 23*y**2 - 49*y + 34. What is f(21)?
-113
Let z(b) = -2*b**2 - 1224*b + 4929. Give z(4).
1
Let x(k) = 9*k**2 - 94*k - 261. Calculate x(-3).
102
Let i(t) = -t**3 - 73*t**2 + 477*t + 244. Give i(-79).
7
Let x(c) = c**3 - 3*c**2 + 4*c - 7. Determine x(2).
-3
Let x(m) = -3*m**3 + 465*m**2 + 138. Determine x(155).
138
Let w(m) = -347*m - 10749. Calculate w(-31).
8
Let v(s) = 2*s**3 + 7*s**2 - 55*s + 29. Give v(-8).
-107
Let o(r) = 502*r + 2505. Calculate o(-5).
-5
Let b(k) = -4*k**3 + 74*k**2 + 197*k - 1535. Calculate b(20).
5
Let j(d) = -d**3 + 18*d**2 - 29*d + 72. Calculate j(17).
-132
Let g(v) = -v**2 - 30*v - 195. Determine g(-9).
-6
Let q(d) = d**3 - 22*d**2 - 72*d - 16. Determine q(-3).
-25
Let w(t) = 3*t**2 - 52*t - 20. Calculate w(17).
-37
Let m(t) = -133*t + 10115. What is m(76)?
7
Let b(c) = -241*c - 907. Determine b(-5).
298
Let r(x) = -x**2 - 82*x + 265. Give r(-87).
-170
Let a(o) = 91*o - 456. Give a(7).
181
Let r(b) = -144*b - 1083. Determine r(-9).
213
Let k(w) = -141*w + 2056. Calculate k(15).
-59
Let q(r) = -18*r + 32. Calculate q(2).
-4
Let i(o) = 90*o**2 + 7*o - 2. What is i(1)?
95
Let z(f) = -f**2 + 128*f + 1080. Determine z(-8).
-8
Let b(o) = 4*o + 55. Calculate b(-13).
3
Let c(j) = 3*j**3 - 19*j**2 - j - 163. Determine c(10).
927
Let q(u) = u**2 - 19*u - 24. Determine q(20).
-4
Let r(p) = 84*p - 50. What is r(1)?
34
Let l(c) = -71*c - 780. Determine l(-11).
1
Let l(n) = -3*n**3 - 44*n**2 - 37*n + 9. Determine l(-14).
135
Let l(d) = -39*d**2 - 276*d - 30. Give l(-7).
-9
Let z(k) = -2*k**2 - 246*k + 2265. Determine z(9).
-111
Let b(g) = -g**2 + 109*g + 1424. Determine b(-12).
-28
Let i(m) = -m**2 + 36*m - 228. Calculate i(29).
-25
Let u(o) = 71*o - 502. Give u(3).
-289
Let s(a) = -a**3 - 45*a**2 + 140*a - 224. Give s(-48).
-32
Let q(f) = f**3 + 42*f**2 + 4*f + 109. Calculate q(-42).
-59
Let o(s) = -2*s**3 + 27*s**2 + 125*s - 1539. Give o(14).
15
Let g(r) = 433*r - 5203. What is g(12)?
-7
Let r(g) = -21*g**2 - 149*g - 54. Give r(-6).
84
Let b(o) = o**3 + 24*o**2 - 27*o - 582. Give b(-24).
66
Let x(o) = o**3 - 22*o**2 + 22*o - 23. Determine x(21).
-2
Let d(q) = -52*q + 3863. Give d(74).
15
Let f(b) = b**3 + 7*b**2 + 6*b - 3. Calculate f(-8).
-115
Let t(i) = -2*i**3 - 21*i**2 + 297*i - 18. Determine t(8).
-10
Let p(v) = v**3 - 10*v**2 + 51*v - 35. Give p(7).
175
Let z(d) = -12*d**2 - 138*d + 24. What is z(-12)?
-48
Let o(m) = -m**2 + 109*m + 8387. Give o(161).
15
Let z(j) = 53*j + 134. Calculate z(-4).
-78
Let c(m) = m**2 - 3*m - 29. What is c(-9)?
79
Let y(u) = -4*u**3 + 10*u - 28. Determine y(4).
-